c**2 + 27*c - 108. What is k(4)?
-160
Let b(t) = 38*t + 136. What is b(7)?
402
Let x(i) = 2*i**3 + 24*i**2 + 14*i + 176. Calculate x(-12).
8
Let u(h) = 4*h - 12. What is u(4)?
4
Let z(p) = -30*p**2 + 89*p - 5. What is z(3)?
-8
Let t(a) = -a**3 + 57*a**2 - 229*a + 72. Determine t(4).
4
Let r(w) = 11*w - 77. Determine r(2).
-55
Let i(r) = 12*r**3 - 4*r**2 - 10*r - 6. What is i(-1)?
-12
Let c(x) = -10*x**2 + 122*x + 25. What is c(12)?
49
Let a(j) = 5931*j + 124545. What is a(-21)?
-6
Let h(p) = 13*p**3 + 100*p**2 + 19*p - 312. Calculate h(-7).
-4
Let x(t) = -5557*t + 83350. Give x(15).
-5
Let h(v) = -1031*v - 11315. What is h(-11)?
26
Let v(f) = 19*f**2 + 140*f - 14. Calculate v(-7).
-63
Let n(c) = -480*c + 4324. Give n(9).
4
Let o(w) = -4*w**2 + 21*w - 1. What is o(0)?
-1
Let i(q) = -q**3 + 3*q**2 + 9*q - 23. Determine i(3).
4
Let s(b) = b**3 + 11*b**2 + 170*b + 1869. What is s(-11)?
-1
Let j(f) = 11*f - 51. Give j(10).
59
Let j(l) = -2*l**3 + 105*l**2 - 164*l + 510. What is j(51)?
-51
Let j(b) = -149*b**3 - 38*b**2 + 41*b - 3. Calculate j(1).
-149
Let k(u) = 121*u - 1268. Determine k(11).
63
Let b(x) = -24*x + 2787. What is b(116)?
3
Let w(c) = c**3 - 14*c**2 - 260*c - 394. Calculate w(25).
-19
Let k(y) = y**2 - 77*y + 1408. Give k(47).
-2
Let j(a) = a**2 - 253*a - 1830. What is j(-7)?
-10
Let b(a) = 41*a + 12. What is b(1)?
53
Let y(f) = 4*f - 127. Determine y(7).
-99
Let k(n) = 3*n**3 - 29*n**2 + 20*n - 20. What is k(9)?
-2
Let g(r) = -483*r - 960. Determine g(-2).
6
Let b(d) = 3*d**2 - 1379*d + 4101. Determine b(3).
-9
Let d(n) = -3079*n**2 - 43105*n + 12. Calculate d(-14).
-2
Let b(a) = -5*a**2 + 21*a + 153. Calculate b(-6).
-153
Let y(r) = -117*r + 2597. Calculate y(22).
23
Let p(i) = i**2 - 157*i - 11927. Give p(-56).
1
Let x(s) = s**3 - 34*s**2 - 6*s - 30. Determine x(34).
-234
Let x(t) = -t**3 + 8*t**2 - 14*t + 12. Determine x(6).
0
Let i(f) = -83*f - 915. Calculate i(-11).
-2
Let t(h) = -2*h**2 + 65*h + 11. What is t(27)?
308
Let v(q) = 106*q + 7219. What is v(-68)?
11
Let c(w) = w**3 - 12*w**2 + 37*w - 14. Calculate c(8).
26
Let x(z) = 12*z**2 - 8*z - 1. What is x(5)?
259
Let g(o) = o**3 - 27*o**2 + 22*o + 20. Give g(26).
-84
Let z(i) = -2*i**2 + 23*i - 21. Calculate z(2).
17
Let n(k) = -167*k + 1078. Calculate n(6).
76
Let u(l) = -3*l**2 + 116*l + 1022. Determine u(-8).
-98
Let w(d) = -399*d + 3255. Calculate w(7).
462
Let x(v) = v**3 + 79*v**2 + 152*v - 131. Give x(-77).
23
Let c(m) = 30*m + 2039. What is c(-68)?
-1
Let x(g) = -2*g**2 - 101*g - 369. Give x(-4).
3
Let q(l) = 10*l**3 + 4*l**2 + 15*l + 39. Determine q(-3).
-240
Let r(o) = o**3 + 11*o**2 - 63. Determine r(-10).
37
Let o(g) = -20*g**2 - 17*g + 36. Determine o(2).
-78
Let j(y) = 77*y + 31. Determine j(3).
262
Let q(v) = v**3 - 36*v**2 + 301*v - 16. What is q(13)?
10
Let k(x) = -1983*x + 13893. What is k(7)?
12
Let m(o) = -14*o - 8. Calculate m(-11).
146
Let f(g) = g**2 - 20*g - 2022. Calculate f(56).
-6
Let q(w) = 9*w**2 + 456*w - 3050. Give q(6).
10
Let b(u) = 791*u - 1567. Give b(2).
15
Let s(w) = 11*w**3 + 2*w**2 + 1337*w - 1338. Give s(1).
12
Let t(n) = -16*n**2 + 17*n - 18. Calculate t(1).
-17
Let g(m) = -7*m**3 - 27*m**2 + 10*m + 17. Give g(1).
-7
Let m(w) = -37*w**3 - 101*w**2 + w - 4. Give m(-3).
83
Let f(x) = -5*x**2 - 117*x - 38. What is f(-23)?
8
Let p(g) = -g**3 + 16*g**2 - 89*g + 863. Determine p(14).
9
Let q(i) = 8*i + 133. Determine q(-23).
-51
Let x(o) = -2*o**3 + 268*o**2 + 8*o - 999. Give x(134).
73
Let r(w) = -507*w - 1531. What is r(-3)?
-10
Let s(b) = -2*b**3 + 92*b**2 - 4*b + 195. What is s(46)?
11
Let n(a) = 13*a**2 + 187*a + 114. What is n(-14)?
44
Let a(j) = -54*j + 519. Determine a(10).
-21
Let q(d) = d**3 + 33*d**2 + 259*d - 55. Determine q(-14).
43
Let p(z) = 43*z**2 - 3910*z - 273. Give p(91).
0
Let c(t) = t**3 - 9*t**2 - 20*t + 246. Give c(10).
146
Let q(a) = -3*a**3 + 89*a**2 - 61*a + 84. Give q(29).
-3
Let a(q) = -q**3 - 74*q**2 - 142*q + 224. Calculate a(-72).
80
Let s(n) = -67*n**2 + 5428*n - 80. Determine s(81).
1
Let r(n) = 25*n + 1449. Determine r(-29).
724
Let m(x) = -98*x**2 - 387*x + 22. Determine m(-4).
2
Let y(s) = 275*s - 1642. What is y(6)?
8
Let b(j) = -3*j**2 - 255*j - 3458. Determine b(-68).
10
Let h(v) = -v**3 - 3*v**2 + 6*v + 1. Give h(-3).
-17
Let k(v) = -v**3 - 120*v**2 - 18*v - 2162. Determine k(-120).
-2
Let g(v) = -2*v**3 + 8*v**2 + 155*v - 3. Determine g(-8).
293
Let z(y) = 2*y**2 + 59*y - 559. Calculate z(-37).
-4
Let l(z) = -3*z**2 + 15*z + 281. Calculate l(0).
281
Let r(s) = 93*s - 1589. Determine r(17).
-8
Let n(k) = k**2 + 125*k + 3591. Give n(-43).
65
Let q(m) = 918*m + 3677. Give q(-4).
5
Let t(i) = -5*i**2 + 179*i + 229. Determine t(37).
7
Let a(m) = -204*m - 3847. Give a(-20).
233
Let v(p) = 1182*p - 13006. Determine v(11).
-4
Let p(v) = 108*v - 2055. What is p(19)?
-3
Let g(m) = -2*m**3 - 91*m**2 - 712*m - 17. What is g(-10)?
3
Let n(g) = 930*g + 5585. Calculate n(-6).
5
Let j(i) = -i**3 - 29*i**2 + 136*i + 135. Determine j(-33).
3
Let u(v) = 114*v - 606. Calculate u(5).
-36
Let o(l) = 6*l**3 - 7*l**2 - 22*l + 39. What is o(2)?
15
Let q(f) = 18*f + 222. Give q(-13).
-12
Let p(f) = 224*f - 800. Give p(4).
96
Let x(t) = -2*t**3 + 23*t**2 + 17*t - 60. Determine x(12).
0
Let l(c) = 17*c + 85. Calculate l(-5).
0
Let d(s) = -s**2 - 62*s - 567. Determine d(-44).
225
Let a(q) = 317*q + 5702. What is a(-18)?
-4
Let x(s) = -s**3 - 9*s**2 + 211*s + 104. What is x(11)?
5
Let y(u) = -6*u**2 - 106*u + 139. Calculate y(-19).
-13
Let h(u) = -3648*u + 29182. Determine h(8).
-2
Let l(t) = t**2 - 24*t - 144. Calculate l(30).
36
Let f(o) = -6*o - 902. Determine f(-33).
-704
Let d(w) = w**3 - 19*w**2 - 1549*w - 57. What is d(50)?
-7
Let m(o) = o**3 - 15*o**2 - 28*o + 212. What is m(16)?
20
Let j(f) = -3*f**3 + 37*f**2 - 10*f - 37. Calculate j(12).
-13
Let n(r) = -r**2 + 9*r + 4709. Determine n(-64).
37
Let d(c) = 19*c**3 + 3*c**2 + 3*c - 3. Determine d(1).
22
Let d(z) = 337*z - 2683. Give d(8).
13
Let h(m) = -2428*m - 12099. What is h(-5)?
41
Let y(c) = -2*c**2 + 379*c - 8418. Calculate y(164).
-54
Let c(l) = -713*l + 9106. Give c(13).
-163
Let n(j) = 43*j + 245. Calculate n(-6).
-13
Let h(t) = -13*t - 45. Determine h(-1).
-32
Let z(c) = c**3 - 26*c**2 + 48*c + 52. Calculate z(24).
52
Let j(z) = 827*z + 4131. What is j(-5)?
-4
Let t(i) = -34*i + 2223. What is t(53)?
421
Let t(x) = -x**2 - 509*x - 11637. Calculate t(-485).
3
Let p(v) = v**3 + 18*v**2 - 53*v - 655. Determine p(-19).
-9
Let i(t) = -t**2 + 39*t - 222. Calculate i(7).
2
Let j(d) = -d**3 + 165*d**2 - 321*d - 790. Give j(163).
25
Let z(v) = -v**3 + 20*v**2 + 150*v - 19. Calculate z(-6).
17
Let d(n) = -n**2 - 24*n + 128. Give d(7).
-89
Let o(k) = -833*k - 44976. Calculate o(-54).
6
Let q(i) = 5*i + 33. Calculate q(-12).
-27
Let f(m) = -16*m + 305. Calculate f(14).
81
Let t(v) = v**2 + 580*v + 42487. Give t(-86).
3
Let i(x) = -x**3 - 169*x**2 - 14*x - 2361. What is i(-169)?
5
Let g(q) = q**3 + 61*q**2 + 121*q + 166. Calculate g(-59).
-11
Let s(a) = -8658*a + 34600. Give s(4).
-32
Let h(p) = 5*p + 75. Determine h(34).
245
Let d(j) = -2*j**3 - 44*j**2 - 31*j + 126. What is d(-21)?
-105
Let a(q) = 127*q + 2748. What is a(-22)?
-46
Let r(m) = -188*m - 6. Calculate r(2).
-382
Let t(c) = 2*c**3 - 90*c**2 - 4*c + 99. Determine t(45).
-81
Let t(x) = -41378*x - 248271. What is t(-6)?
-3
Let q(i) = -7*i + 149. Calculate q(9).
86
Let b(f) = -87*f + 515. Calculate b(5).
80
Let k(a) = -2*a**3 + 11*a**2 - 43*a + 185. Give k(5).
-5
Let a(x) = 2*x**3 + 8*x**2 - x - 3. Determine a(-2).
15
Let m(o) = 108*o**2 - 2263*o - 23. Determine m(21).
82
Let s(w) = w**3 - 134*w**2 + 2369*w + 68. Calculate s(21).
-16
Let c(t) = 77*t + 210. What is c(-3)?
-21
Let j(w) = w**3 - 19*w**2 + 18*w - 227. Give j(12).
-1019
Let o(t) = -9*t**2 + 15*t - 9. Calculate o(2).
-15
Let p(r) = -r**3 + 33*r**2 + 24*r + 466. Determine p(34).
126
Let l(x) = 30*x**2 + 146*x - 14. Calculate l(-5).
6
Let g(b) = -b**3 + 177*b**2 - b + 193. Give g(177).
16
Let r(n) = -3*n - 154. Calculate r(14).
-196
Let l(s) = 2099*s + 12595. Calculate l(-6).
1
Let l(u) = -u**3 - 8*u**2 + 25*u - 60. Determine l(-11).
28
Let b(j) = -228*j + 366. Give b(-3).
1050
Let d(p) = p**3 - 30*p**2 - 78*p + 497. What is d(32)?
49
Let v(t) = 529*t -